and 56?
14
What is the greatest common divisor of 46170 and 281880?
2430
What is the highest common divisor of 288 and 35172?
36
Calculate the highest common divisor of 2280 and 3743.
19
What is the highest common divisor of 1341 and 104151?
447
What is the highest common factor of 173 and 977623?
173
Calculate the highest common factor of 9600 and 92940.
60
Calculate the highest common factor of 2706 and 254610.
246
Calculate the greatest common divisor of 1816 and 16.
8
What is the highest common factor of 399055 and 20?
5
Calculate the highest common divisor of 12052 and 66548.
524
What is the highest common factor of 6457 and 11?
11
What is the highest common factor of 4208 and 2496?
16
Calculate the greatest common factor of 92 and 1108.
4
Calculate the greatest common divisor of 48 and 566472.
24
What is the highest common factor of 67 and 965604?
67
Calculate the greatest common factor of 554344 and 63.
7
Calculate the highest common factor of 717945 and 345.
345
Calculate the highest common factor of 856115 and 26.
13
Calculate the greatest common divisor of 97732 and 1060.
212
What is the greatest common factor of 38 and 1478?
2
Calculate the highest common divisor of 939090 and 230.
230
Calculate the highest common divisor of 468270 and 3784.
946
What is the greatest common factor of 1296 and 62640?
432
What is the highest common divisor of 1740 and 4814?
58
Calculate the greatest common factor of 917 and 76069.
7
What is the greatest common divisor of 11948 and 87?
29
What is the greatest common divisor of 7277 and 304?
19
What is the highest common factor of 5 and 7369275?
5
What is the highest common factor of 816 and 26775?
51
What is the highest common divisor of 532 and 44422?
266
What is the greatest common divisor of 25 and 109775?
25
What is the highest common divisor of 8568 and 5508?
612
What is the greatest common factor of 125 and 304625?
125
Calculate the greatest common divisor of 12 and 78594.
6
Calculate the greatest common divisor of 90762 and 42.
42
What is the greatest common factor of 584166 and 636?
318
What is the greatest common factor of 20 and 460180?
20
Calculate the greatest common factor of 48 and 708396.
12
Calculate the greatest common divisor of 3125226 and 156.
78
Calculate the highest common divisor of 4574 and 82.
2
What is the greatest common factor of 461 and 38?
1
What is the greatest common divisor of 438450 and 5365?
185
Calculate the greatest common factor of 200 and 350.
50
Calculate the highest common divisor of 504 and 24507.
63
Calculate the greatest common divisor of 56 and 354788.
28
What is the greatest common factor of 15 and 884900?
5
Calculate the highest common factor of 1075453 and 1.
1
What is the highest common divisor of 7488322 and 82?
82
What is the greatest common factor of 235635 and 23?
23
Calculate the highest common factor of 39695 and 340.
85
What is the highest common divisor of 6633 and 528?
33
Calculate the highest common divisor of 4026 and 5907.
33
What is the highest common factor of 162 and 37746?
162
What is the greatest common factor of 32 and 20512?
32
Calculate the highest common divisor of 6288 and 348.
12
Calculate the highest common factor of 8437 and 806.
13
What is the highest common divisor of 117390 and 120?
30
What is the highest common factor of 6422 and 4056?
338
Calculate the greatest common divisor of 3339 and 99.
9
What is the greatest common divisor of 1024 and 2259968?
1024
Calculate the greatest common factor of 4096 and 20.
4
Calculate the greatest common divisor of 410429 and 31940.
1597
Calculate the highest common divisor of 235 and 326.
1
What is the greatest common factor of 5434 and 34694?
418
What is the highest common factor of 373438 and 212?
106
What is the greatest common factor of 97308 and 90?
18
What is the highest common factor of 24 and 12536?
8
What is the highest common divisor of 2690 and 660?
10
Calculate the greatest common factor of 560 and 4284.
28
What is the highest common divisor of 105 and 147135?
15
Calculate the highest common divisor of 18040 and 7480.
440
What is the greatest common divisor of 3888 and 1953?
9
What is the highest common factor of 2146 and 61050?
74
Calculate the highest common factor of 1404 and 196209.
351
What is the greatest common factor of 255376 and 112?
16
What is the highest common divisor of 900 and 45360?
180
What is the greatest common factor of 9443 and 6958?
497
What is the greatest common factor of 297 and 13581?
27
What is the greatest common factor of 2755824 and 24?
24
What is the greatest common divisor of 4743 and 1953?
279
What is the highest common divisor of 2030 and 61596?
58
Calculate the highest common factor of 428 and 4114364.
428
What is the highest common divisor of 76 and 28158?
38
What is the highest common divisor of 285024 and 16?
16
Calculate the greatest common divisor of 6025 and 575.
25
Calculate the greatest common factor of 890 and 243326.
178
Calculate the greatest common divisor of 21350 and 98.
14
What is the greatest common divisor of 61956 and 936?
36
Calculate the highest common factor of 18669 and 3871.
49
Calculate the highest common divisor of 334365 and 75.
15
What is the greatest common divisor of 299570 and 580?
290
Calculate the highest common factor of 17479 and 1771.
77
Calculate the greatest common factor of 57 and 1005727.
19
Calculate the greatest common divisor of 3007 and 775.
31
Calculate the greatest common factor of 23478555 and 669.
669
Calculate the greatest common factor of 171 and 92454.
57
What is the greatest common factor of 19716 and 204?
12
Calculate the greatest common divisor of 56 and 3002902.
14
What is the highest common factor of 31825 and 100?
25
What is the greatest common factor of 80 and 102640?
80
Calculate the greatest common factor of 62000 and 375.
125
What is the greatest common divisor of 246 and 54?
6
Calculate the greatest common divisor of 405 and 1315.
5
What is the greatest common factor of 3375 and 195?
15
What is the highest common factor of 286 and 378521?
143
Calculate the highest common factor of 21513 and 284.
71
What is the highest common factor of 785240 and 670?
670
What is the highest common factor of 4423664 and 889?
889
What is the highest common divisor of 147 and 60066?
3
Calculate the greatest common divisor of 1857 and 51.
3
What is the greatest common factor of 3690 and 625824?
738
What is the highest common factor of 69 and 54947?
23
What is the greatest common factor of 20561 and 3567?
29
Calculate the highest common factor of 31088 and 5568.
464
What is the highest common factor of 518 and 186998?
518
What is the highest common divisor of 11835 and 1485?
45
What is the highest common divisor of 7778361 and 843?
843
Calculate the greatest common factor of 1287 and 56862.
117
What is the greatest common factor of 150 and 1525?
25
What is the greatest common divisor of 24 and 82146?
6
Calculate the greatest common divisor of 242055 and 2079.
297
What is the highest common divisor of 15 and 657900?
15
What is the highest common divisor of 4026 and 10614?
366
What is the highest common divisor of 76 and 6469994?
38
What is the greatest common factor of 3224340 and 280?
140
What is the highest common factor of 257 and 400920?
257
What is the greatest common divisor of 6760 and 8060?
260
What is the highest common factor of 70965 and 90?
45
What is the highest common factor of 2925 and 149305?
65
Calculate the highest common factor of 1760 and 18260.
220
What is the highest common divisor of 2470 and 7980?
190
What is the highest common factor of 1577216 and 183?
61
Calculate the greatest common divisor of 958 and 163339.
479
What is the highest common factor of 4056 and 14520?
24
Calculate the highest common divisor of 142 and 12844397.
71
What is the greatest common divisor of 22477 and 8892?
247
What is the highest common divisor of 59 and 30917534?
59
Calculate the greatest common factor of 38527 and 63341.
653
What is the greatest common factor of 104 and 351546?
26
What is the greatest common divisor of 59 and 756262?
59
Calculate the greatest common factor of 365920 and 16.
16
What is the greatest common factor of 20865 and 312?
39
What is the greatest common factor of 152 and 1045